hat is the greatest common factor of 16610 and 1596815?
55
What is the highest common factor of 7658 and 871918?
1094
What is the highest common divisor of 124323083 and 11806?
5903
What is the highest common factor of 4520904 and 768?
24
What is the highest common divisor of 2337 and 674292273?
2337
Calculate the greatest common divisor of 37230 and 29155.
85
What is the greatest common factor of 54 and 3828114?
54
Calculate the highest common factor of 14725 and 94829.
589
Calculate the greatest common divisor of 12654126 and 774.
774
What is the greatest common factor of 834366 and 390?
78
Calculate the greatest common divisor of 455666 and 438.
146
What is the greatest common factor of 20 and 15007660?
20
Calculate the greatest common factor of 1031 and 168053.
1031
Calculate the highest common factor of 417316 and 79420.
1444
Calculate the greatest common factor of 3222165 and 15.
15
Calculate the highest common divisor of 6233199 and 105.
21
What is the greatest common divisor of 5601757 and 9884?
2471
Calculate the greatest common divisor of 1603728 and 588.
84
What is the greatest common divisor of 174 and 63273853?
29
What is the greatest common factor of 65060720 and 2580?
860
Calculate the highest common divisor of 186880 and 47815.
365
Calculate the greatest common factor of 395300 and 141700.
100
What is the greatest common divisor of 4050 and 86476275?
675
Calculate the highest common factor of 2932309075 and 2075.
2075
Calculate the greatest common divisor of 7589744 and 280.
8
What is the greatest common factor of 18620 and 405270?
190
Calculate the greatest common factor of 7780 and 50980.
20
Calculate the highest common divisor of 3779 and 147906281.
3779
Calculate the greatest common factor of 5363148 and 78204.
4116
What is the greatest common factor of 666245 and 13501?
587
Calculate the highest common divisor of 345 and 23222415.
15
Calculate the highest common divisor of 42573 and 32018598.
1851
Calculate the greatest common divisor of 218 and 88996756.
218
Calculate the greatest common divisor of 83953268 and 11140.
2228
Calculate the highest common factor of 1744498 and 3430.
686
Calculate the highest common factor of 400 and 475500.
100
What is the highest common divisor of 230 and 23167302?
46
Calculate the highest common divisor of 263319 and 18648.
21
What is the highest common factor of 8991850 and 92?
46
What is the highest common divisor of 25884966 and 365823?
2391
Calculate the highest common divisor of 14796 and 179489180.
548
Calculate the highest common divisor of 1374 and 2757847.
229
What is the highest common factor of 166964 and 7236?
268
What is the highest common divisor of 159 and 21443111?
53
What is the greatest common factor of 157911744 and 4416?
4416
Calculate the greatest common factor of 12072 and 529.
1
What is the highest common divisor of 8918 and 1013031292?
8918
What is the highest common factor of 1371447 and 567?
63
Calculate the highest common divisor of 237 and 2249288.
79
Calculate the highest common factor of 3838 and 12006476.
202
Calculate the greatest common divisor of 2756196 and 288.
36
Calculate the greatest common divisor of 8865287 and 31.
31
What is the greatest common divisor of 6 and 174752970?
6
Calculate the highest common divisor of 4704531 and 12.
3
What is the greatest common factor of 4788 and 3744153?
63
Calculate the highest common divisor of 92 and 1434641882.
46
Calculate the greatest common divisor of 1131801634 and 12392.
3098
Calculate the greatest common divisor of 1708 and 297570.
14
What is the highest common divisor of 1328847 and 21125?
169
Calculate the greatest common factor of 20342245 and 12705.
385
What is the highest common factor of 337236 and 895?
179
Calculate the highest common divisor of 2753623180 and 308.
308
Calculate the greatest common divisor of 1127909 and 77110.
701
Calculate the greatest common factor of 5487 and 5338497.
177
Calculate the highest common divisor of 220043 and 135659.
293
Calculate the highest common factor of 1 and 267907.
1
What is the greatest common factor of 20303 and 4485778?
79
What is the greatest common factor of 1752 and 143472?
24
What is the greatest common factor of 65 and 23538593?
13
What is the greatest common factor of 96820 and 136300?
940
Calculate the greatest common divisor of 35 and 7041685.
35
What is the highest common factor of 2006 and 7361544?
34
What is the highest common divisor of 37065133 and 35?
7
What is the greatest common factor of 451149 and 18?
3
Calculate the greatest common divisor of 44967792 and 672.
48
What is the highest common factor of 3392 and 11815184?
848
What is the greatest common divisor of 50896818 and 1407?
1407
What is the greatest common factor of 53134 and 375162?
62
What is the highest common factor of 60 and 19821440?
20
What is the greatest common divisor of 28158 and 13352307?
1083
What is the highest common divisor of 785 and 182770?
5
What is the greatest common factor of 12495816 and 15687?
2241
Calculate the highest common factor of 1631398 and 95652.
5314
Calculate the greatest common divisor of 45213952 and 32.
32
Calculate the highest common divisor of 53 and 202405940.
53
Calculate the highest common factor of 3971 and 1181477.
209
What is the highest common factor of 552 and 22314?
6
Calculate the highest common divisor of 74504 and 204052.
556
Calculate the greatest common factor of 17428 and 364271342.
8714
Calculate the highest common divisor of 3939546 and 46614.
102
What is the greatest common divisor of 458 and 21228071?
229
What is the greatest common factor of 592288 and 12256?
32
What is the highest common divisor of 349315 and 49495?
95
What is the greatest common divisor of 19605348 and 27216?
756
What is the highest common factor of 172 and 2120588?
172
Calculate the highest common divisor of 16308 and 45132.
12
Calculate the highest common factor of 1028889 and 99.
9
Calculate the greatest common factor of 13 and 64523251.
13
What is the greatest common divisor of 2062377 and 900?
9
Calculate the highest common factor of 16716 and 31658711.
1393
Calculate the greatest common factor of 1078 and 1148686.
154
Calculate the highest common divisor of 11048 and 6856.
8
Calculate the highest common divisor of 155831235 and 2625.
105
What is the highest common factor of 4597584 and 3072?
48
Calculate the greatest common divisor of 960739 and 62101.
3653
Calculate the highest common factor of 106230 and 9195.
15
Calculate the highest common divisor of 206774 and 128.
2
What is the greatest common factor of 924 and 4875836?
28
What is the highest common divisor of 29095125 and 30?
15
Calculate the greatest common factor of 3907755 and 160.
5
What is the greatest common divisor of 81667784 and 176?
88
What is the greatest common divisor of 1680388051 and 947?
947
What is the highest common factor of 285 and 200193519?
57
What is the greatest common divisor of 27874644 and 84?
84
Calculate the greatest common divisor of 2846 and 7308.
2
What is the greatest common factor of 40 and 77571860?
20
Calculate the highest common factor of 55091652 and 1554.
42
What is the greatest common factor of 25096420 and 163845?
1655
What is the greatest common divisor of 50779 and 7047?
29
Calculate the greatest common factor of 7794 and 5492466.
18
What is the highest common divisor of 12760 and 1992320?
440
What is the highest common divisor of 48657917 and 79?
79
What is the greatest common divisor of 448 and 1991238592?
448
What is the greatest common factor of 90 and 15429384?
18
Calculate the greatest common factor of 54452 and 8.
4
Calculate the highest common factor of 228400 and 1200.
400
What is the highest common factor of 29 and 2329216751?
29
What is the greatest common factor of 675571920 and 16608?
8304
What is the greatest common factor of 5335 and 89511697?
1067
Calculate the greatest common divisor of 61824378 and 84.
42
Calculate the greatest common factor of 50 and 17836850.
50
What is the greatest common divisor of 62519 and 11918?
101
Calculate the highest common factor of 11952 and 83477997.
747
Calculate the greatest common factor of 55 and 2917550735.
55
What is the greatest common divisor of 4556993 and 1696?
53
What is the highest comm